{"id":10,"date":"2009-09-29T15:54:10","date_gmt":"2009-09-29T13:54:10","guid":{"rendered":"http:\/\/www.psychee.org\/blog\/?page_id=10"},"modified":"2014-04-05T13:31:51","modified_gmt":"2014-04-05T11:31:51","slug":"galerie","status":"publish","type":"page","link":"http:\/\/www.psychee.org\/blog\/galerie\/","title":{"rendered":"Galeries"},"content":{"rendered":"<p style=\"text-align: center;\">En pr\u00e9ambule, le lien vers ma galerie Deviant Art:<a href=\"http:\/\/psychee-ange.deviantart.com\/gallery\/\" target=\"_blank\"><img data-recalc-dims=\"1\" loading=\"lazy\" decoding=\"async\" alt=\"\" src=\"https:\/\/i0.wp.com\/www.lalydesign.co.uk\/wp-content\/uploads\/2013\/03\/deviantart-logo.jpg?resize=300%2C183\" width=\"300\" height=\"183\" \/><\/a><\/p>\n<p style=\"text-align: center;\"><strong>Art 2012-2013<\/strong><\/p>\n<p style=\"text-align: center;\"><img decoding=\"async\" class=\"ngg_displayed_gallery mceItem\" alt=\"\" src=\"http:\/\/www.psychee.org\/blog\/nextgen-attach_to_post\/preview\/id--1425\" \/><\/p>\n<p>&nbsp;<\/p>\n","protected":false},"excerpt":{"rendered":"<p>En pr\u00e9ambule, le lien vers ma galerie Deviant Art: Art 2012-2013 &nbsp;<\/p>\n","protected":false},"author":1,"featured_media":956,"parent":0,"menu_order":0,"comment_status":"open","ping_status":"open","template":"","meta":{"colormag_page_container_layout":"default_layout","colormag_page_sidebar_layout":"default_layout","footnotes":""},"class_list":["post-10","page","type-page","status-publish","has-post-thumbnail","hentry"],"jetpack_sharing_enabled":true,"jetpack_shortlink":"https:\/\/wp.me\/P2iISD-a","jetpack-related-posts":[{"id":2,"url":"http:\/\/www.psychee.org\/blog\/a-propos\/","url_meta":{"origin":10,"position":0},"title":"L&rsquo;auteur","author":"Psychee","date":"9 avril 2009","format":false,"excerpt":"Axelle \u00ab Psych\u00e9e \u00bb Bouet, illustratrice professionnelle et romanci\u00e8re, autrice des romans et du jeu de r\u00f4le les Chants de Loss. Fran\u00e7aise vivant en Suisse, \u00e0 Collonges dans le canton du Valais. \u00c2g\u00e9e officiellement de 48 ans, je le pr\u00e9cise ici parce que dans ma t\u00eate, l\u2019impression de ne pas\u2026","rel":"","context":"Dans &quot;Rien \u00e0 voir&quot;","block_context":{"text":"Rien \u00e0 voir","link":"http:\/\/www.psychee.org\/blog\/category\/non-classe\/"},"img":{"alt_text":"","src":"https:\/\/i0.wp.com\/www.psychee.org\/blog\/wp-content\/uploads\/2009\/04\/bureau1.jpg?fit=1200%2C842&resize=350%2C200","width":350,"height":200,"srcset":"https:\/\/i0.wp.com\/www.psychee.org\/blog\/wp-content\/uploads\/2009\/04\/bureau1.jpg?fit=1200%2C842&resize=350%2C200 1x, https:\/\/i0.wp.com\/www.psychee.org\/blog\/wp-content\/uploads\/2009\/04\/bureau1.jpg?fit=1200%2C842&resize=525%2C300 1.5x, https:\/\/i0.wp.com\/www.psychee.org\/blog\/wp-content\/uploads\/2009\/04\/bureau1.jpg?fit=1200%2C842&resize=700%2C400 2x, https:\/\/i0.wp.com\/www.psychee.org\/blog\/wp-content\/uploads\/2009\/04\/bureau1.jpg?fit=1200%2C842&resize=1050%2C600 3x"},"classes":[]},{"id":2628,"url":"http:\/\/www.psychee.org\/blog\/galerie\/mes-travaux-et-illustrations-preferes\/","url_meta":{"origin":10,"position":1},"title":"Mes travaux et illustrations pr\u00e9f\u00e9r\u00e9s","author":"axelle Bouet","date":"12 juin 2015","format":false,"excerpt":"Mon choix en date du 12 Juin 2015. Bien s\u00fbr, les go\u00fbts changent, mes pr\u00e9f\u00e9r\u00e9s aussi, j'essaye surtout de montrer un panel de mon travail qui me tiens le plus \u00e0 c\u0153ur, mais est aussi le plus remarquable. Cette galerie est donc souvent remise \u00e0 jour, et je reviens la\u2026","rel":"","context":"Article similaire","block_context":{"text":"Article similaire","link":""},"img":{"alt_text":"","src":"https:\/\/i0.wp.com\/www.psychee.org\/blog\/wp-content\/uploads\/2015\/03\/calliope-fans-1100.jpg?fit=1200%2C848&resize=350%2C200","width":350,"height":200,"srcset":"https:\/\/i0.wp.com\/www.psychee.org\/blog\/wp-content\/uploads\/2015\/03\/calliope-fans-1100.jpg?fit=1200%2C848&resize=350%2C200 1x, https:\/\/i0.wp.com\/www.psychee.org\/blog\/wp-content\/uploads\/2015\/03\/calliope-fans-1100.jpg?fit=1200%2C848&resize=525%2C300 1.5x, https:\/\/i0.wp.com\/www.psychee.org\/blog\/wp-content\/uploads\/2015\/03\/calliope-fans-1100.jpg?fit=1200%2C848&resize=700%2C400 2x, https:\/\/i0.wp.com\/www.psychee.org\/blog\/wp-content\/uploads\/2015\/03\/calliope-fans-1100.jpg?fit=1200%2C848&resize=1050%2C600 3x"},"classes":[]},{"id":594,"url":"http:\/\/www.psychee.org\/blog\/the-rpg-matos\/recits-karol-ka-univers-de-super-heros\/","url_meta":{"origin":10,"position":2},"title":"R\u00e9cits: Karol Ka -univers de super-h\u00e9ros","author":"Psychee","date":"4 avril 2012","format":false,"excerpt":"1- \u00a0 La balle traversa la paroi du derme avec une facilit\u00e9 amplifi\u00e9e par sa v\u00e9locit\u00e9, la peau et la chair d\u00e9chir\u00e9es par son inertie. Sans \u00eatre ralentie, elle traversa le muscle grand pectoral, creusant un sillon de destruction o\u00f9 la structure m\u00eame des fibres se d\u00e9litait tandis que dans\u2026","rel":"","context":"Article similaire","block_context":{"text":"Article similaire","link":""},"img":{"alt_text":"","src":"","width":0,"height":0},"classes":[]},{"id":2507,"url":"http:\/\/www.psychee.org\/blog\/ma-boutique\/","url_meta":{"origin":10,"position":3},"title":"Ma boutique","author":"axelle Bouet","date":"9 avril 2015","format":false,"excerpt":"Vous pouvez retrouver toutes mes cr\u00e9ations, disponibles en posters, tirages d'art sous cadre, goodies divers, comme sacs, sacoches. trousses, bourses, mugs, coques de laptop et smartphone, tee-shirt et j'en passe, sur Redbubble, la plus facile d'acc\u00e8s et la plus efficace dont le SAV et la r\u00e9activit\u00e9 ainsi que la qualit\u00e9\u2026","rel":"","context":"Article similaire","block_context":{"text":"Article similaire","link":""},"img":{"alt_text":"","src":"https:\/\/i0.wp.com\/www.psychee.org\/blog\/wp-content\/uploads\/2015\/04\/e2.jpg?fit=1100%2C613&resize=350%2C200","width":350,"height":200,"srcset":"https:\/\/i0.wp.com\/www.psychee.org\/blog\/wp-content\/uploads\/2015\/04\/e2.jpg?fit=1100%2C613&resize=350%2C200 1x, https:\/\/i0.wp.com\/www.psychee.org\/blog\/wp-content\/uploads\/2015\/04\/e2.jpg?fit=1100%2C613&resize=525%2C300 1.5x, https:\/\/i0.wp.com\/www.psychee.org\/blog\/wp-content\/uploads\/2015\/04\/e2.jpg?fit=1100%2C613&resize=700%2C400 2x, https:\/\/i0.wp.com\/www.psychee.org\/blog\/wp-content\/uploads\/2015\/04\/e2.jpg?fit=1100%2C613&resize=1050%2C600 3x"},"classes":[]},{"id":19,"url":"http:\/\/www.psychee.org\/blog\/the-rpg-matos\/","url_meta":{"origin":10,"position":4},"title":"The RPG matos","author":"Psychee","date":"15 mars 2010","format":false,"excerpt":"Alors, avant d'aller plus loin, si vous vous demandez, je vous conseille de cliquer ici: Qu'est-ce que le jeu de r\u00f4le? H\u00f4a du stuff! Avec quelques ann\u00e9es derri\u00e8res les oreilles de pratique de JDR, je n'ai \u00e0 mon grand \u00e9tonnement, pas tant de matos que cela. Il faut dire que\u2026","rel":"","context":"Dans &quot;Rien \u00e0 voir&quot;","block_context":{"text":"Rien \u00e0 voir","link":"http:\/\/www.psychee.org\/blog\/category\/non-classe\/"},"img":{"alt_text":"","src":"https:\/\/i0.wp.com\/www.psychee.org\/blog\/wp-content\/uploads\/2010\/03\/couv2.jpg?fit=724%2C1024&resize=350%2C200","width":350,"height":200,"srcset":"https:\/\/i0.wp.com\/www.psychee.org\/blog\/wp-content\/uploads\/2010\/03\/couv2.jpg?fit=724%2C1024&resize=350%2C200 1x, https:\/\/i0.wp.com\/www.psychee.org\/blog\/wp-content\/uploads\/2010\/03\/couv2.jpg?fit=724%2C1024&resize=525%2C300 1.5x, https:\/\/i0.wp.com\/www.psychee.org\/blog\/wp-content\/uploads\/2010\/03\/couv2.jpg?fit=724%2C1024&resize=700%2C400 2x"},"classes":[]},{"id":1478,"url":"http:\/\/www.psychee.org\/blog\/a-propos\/tarifs-et-commandes\/","url_meta":{"origin":10,"position":5},"title":"Commandes &#038; tarifs 2024","author":"axelle Bouet","date":"9 avril 2014","format":false,"excerpt":"Tarifs indicatifs pour des illustrations (en $, \u20ac et CHF) Link for english page and prices in $ Tous les prix sont indiqu\u00e9s indicatifs, ils d\u00e9pendent de la commande et peuvent \u00eatre n\u00e9goci\u00e9s. Pour vous informer et passer commande, rien de plus simple : envoyez-moi un email \u00e0 psycheeange@gmail.com Noir\u2026","rel":"","context":"Avec 1 commentaire","block_context":{"text":"Avec 1 commentaire","link":"http:\/\/www.psychee.org\/blog\/a-propos\/tarifs-et-commandes\/#comments"},"img":{"alt_text":"","src":"https:\/\/i0.wp.com\/www.psychee.org\/blog\/wp-content\/uploads\/2024\/10\/color.png?fit=1200%2C537&resize=350%2C200","width":350,"height":200,"srcset":"https:\/\/i0.wp.com\/www.psychee.org\/blog\/wp-content\/uploads\/2024\/10\/color.png?fit=1200%2C537&resize=350%2C200 1x, https:\/\/i0.wp.com\/www.psychee.org\/blog\/wp-content\/uploads\/2024\/10\/color.png?fit=1200%2C537&resize=525%2C300 1.5x, https:\/\/i0.wp.com\/www.psychee.org\/blog\/wp-content\/uploads\/2024\/10\/color.png?fit=1200%2C537&resize=700%2C400 2x, https:\/\/i0.wp.com\/www.psychee.org\/blog\/wp-content\/uploads\/2024\/10\/color.png?fit=1200%2C537&resize=1050%2C600 3x"},"classes":[]}],"jetpack_likes_enabled":true,"_links":{"self":[{"href":"http:\/\/www.psychee.org\/blog\/wp-json\/wp\/v2\/pages\/10","targetHints":{"allow":["GET"]}}],"collection":[{"href":"http:\/\/www.psychee.org\/blog\/wp-json\/wp\/v2\/pages"}],"about":[{"href":"http:\/\/www.psychee.org\/blog\/wp-json\/wp\/v2\/types\/page"}],"author":[{"embeddable":true,"href":"http:\/\/www.psychee.org\/blog\/wp-json\/wp\/v2\/users\/1"}],"replies":[{"embeddable":true,"href":"http:\/\/www.psychee.org\/blog\/wp-json\/wp\/v2\/comments?post=10"}],"version-history":[{"count":12,"href":"http:\/\/www.psychee.org\/blog\/wp-json\/wp\/v2\/pages\/10\/revisions"}],"predecessor-version":[{"id":1426,"href":"http:\/\/www.psychee.org\/blog\/wp-json\/wp\/v2\/pages\/10\/revisions\/1426"}],"wp:featuredmedia":[{"embeddable":true,"href":"http:\/\/www.psychee.org\/blog\/wp-json\/wp\/v2\/media\/956"}],"wp:attachment":[{"href":"http:\/\/www.psychee.org\/blog\/wp-json\/wp\/v2\/media?parent=10"}],"curies":[{"name":"wp","href":"https:\/\/api.w.org\/{rel}","templated":true}]}}